{"id":150,"date":"2022-06-24T18:45:15","date_gmt":"2022-06-24T16:45:15","guid":{"rendered":"http:\/\/localhost:8888\/wordpress\/?page_id=150"},"modified":"2026-02-20T12:26:29","modified_gmt":"2026-02-20T11:26:29","slug":"machines-reconditionnees","status":"publish","type":"page","link":"https:\/\/www.durrenberg.com\/d\/machines-reconditionnees\/","title":{"rendered":"\u00dcberholte Maschinen"},"content":{"rendered":"<div data-elementor-type=\"wp-page\" data-elementor-id=\"150\" class=\"elementor elementor-150\" data-elementor-post-type=\"page\">\n\t\t\t\t\t\t<section class=\"elementor-section elementor-top-section elementor-element elementor-element-5e3753b9 elementor-section-height-min-height elementor-reverse-mobile elementor-section-boxed elementor-section-height-default elementor-section-items-middle\" data-id=\"5e3753b9\" data-element_type=\"section\" data-settings=\"{&quot;background_background&quot;:&quot;classic&quot;}\">\n\t\t\t\t\t\t<div class=\"elementor-container elementor-column-gap-default\">\n\t\t\t\t\t<div class=\"elementor-column elementor-col-50 elementor-top-column elementor-element elementor-element-4775fa2\" data-id=\"4775fa2\" data-element_type=\"column\">\n\t\t\t<div class=\"elementor-widget-wrap elementor-element-populated\">\n\t\t\t\t\t\t<div class=\"elementor-element elementor-element-ab41108 elementor-widget elementor-widget-spacer\" data-id=\"ab41108\" data-element_type=\"widget\" data-widget_type=\"spacer.default\">\n\t\t\t\t\t\t\t<div class=\"elementor-spacer\">\n\t\t\t<div class=\"elementor-spacer-inner\"><\/div>\n\t\t<\/div>\n\t\t\t\t\t\t<\/div>\n\t\t\t\t<div class=\"elementor-element elementor-element-258563a3 elementor-widget elementor-widget-heading\" data-id=\"258563a3\" data-element_type=\"widget\" data-widget_type=\"heading.default\">\n\t\t\t\t\t<h1 class=\"elementor-heading-title elementor-size-default\">\u00dcberholte Maschinen<\/h1>\t\t\t\t<\/div>\n\t\t\t\t<div class=\"elementor-element elementor-element-4fe43956 elementor-widget elementor-widget-text-editor\" data-id=\"4fe43956\" data-element_type=\"widget\" data-widget_type=\"text-editor.default\">\n\t\t\t\t\t\t\t\t\t<p>Durrenberg \u00fcberholt und adaptiert automatisierte Verpackungsmaschinen, um sie als Teil von Automatisierungsprojekten anzubieten.<\/p>\t\t\t\t\t\t\t\t<\/div>\n\t\t\t\t<div class=\"elementor-element elementor-element-41908fb4 elementor-widget elementor-widget-spacer\" data-id=\"41908fb4\" data-element_type=\"widget\" data-widget_type=\"spacer.default\">\n\t\t\t\t\t\t\t<div class=\"elementor-spacer\">\n\t\t\t<div class=\"elementor-spacer-inner\"><\/div>\n\t\t<\/div>\n\t\t\t\t\t\t<\/div>\n\t\t\t\t<div class=\"elementor-element elementor-element-55f4ce7 elementor-widget elementor-widget-button\" data-id=\"55f4ce7\" data-element_type=\"widget\" data-widget_type=\"button.default\">\n\t\t\t\t\t\t\t\t\t\t<a class=\"elementor-button elementor-button-link elementor-size-sm elementor-animation-float\" href=\"#machines\">\n\t\t\t\t\t\t<span class=\"elementor-button-content-wrapper\">\n\t\t\t\t\t\t\t\t\t<span class=\"elementor-button-text\">Entdecken Sie unsere Maschinen<\/span>\n\t\t\t\t\t<\/span>\n\t\t\t\t\t<\/a>\n\t\t\t\t\t\t\t\t<\/div>\n\t\t\t\t\t<\/div>\n\t\t<\/div>\n\t\t\t\t<div class=\"elementor-column elementor-col-50 elementor-top-column elementor-element elementor-element-2a8c0c98\" data-id=\"2a8c0c98\" data-element_type=\"column\">\n\t\t\t<div class=\"elementor-widget-wrap\">\n\t\t\t\t\t\t\t<\/div>\n\t\t<\/div>\n\t\t\t\t\t<\/div>\n\t\t<\/section>\n\t\t\t\t<section class=\"elementor-section elementor-top-section elementor-element elementor-element-7e6f1d06 elementor-section-boxed elementor-section-height-default elementor-section-height-default\" data-id=\"7e6f1d06\" data-element_type=\"section\" id=\"machines\">\n\t\t\t\t\t\t<div class=\"elementor-container elementor-column-gap-default\">\n\t\t\t\t\t<div class=\"elementor-column elementor-col-100 elementor-top-column elementor-element elementor-element-3dfb597b\" data-id=\"3dfb597b\" data-element_type=\"column\" data-settings=\"{&quot;background_background&quot;:&quot;classic&quot;}\">\n\t\t\t<div class=\"elementor-widget-wrap elementor-element-populated\">\n\t\t\t\t\t\t<div class=\"elementor-element elementor-element-5c38e3d7 elementor-widget elementor-widget-heading\" data-id=\"5c38e3d7\" data-element_type=\"widget\" data-widget_type=\"heading.default\">\n\t\t\t\t\t<h2 class=\"elementor-heading-title elementor-size-default\">All unsere Maschinen sind general\u00fcberholt und garantiert<\/h2>\t\t\t\t<\/div>\n\t\t\t\t<div class=\"elementor-element elementor-element-83c3513 elementor-widget elementor-widget-text-editor\" data-id=\"83c3513\" data-element_type=\"widget\" data-widget_type=\"text-editor.default\">\n\t\t\t\t\t\t\t\t\t<p>Durrenberg kauft Verpackungsmaschinen von den Betreibern zur\u00fcck, \u00fcberholt sie und passt sie an die Projektspezifikationen an. Die angebotenen Maschinen sind zuverl\u00e4ssig und haben eine Garantie wie neue Maschinen.<\/p>\t\t\t\t\t\t\t\t<\/div>\n\t\t\t\t\t<\/div>\n\t\t<\/div>\n\t\t\t\t\t<\/div>\n\t\t<\/section>\n\t\t\t\t<section class=\"elementor-section elementor-top-section elementor-element elementor-element-0ee55ba elementor-section-boxed elementor-section-height-default elementor-section-height-default\" data-id=\"0ee55ba\" data-element_type=\"section\">\n\t\t\t\t\t\t<div class=\"elementor-container elementor-column-gap-default\">\n\t\t\t\t\t<div class=\"elementor-column elementor-col-50 elementor-top-column elementor-element elementor-element-6cf08c4\" data-id=\"6cf08c4\" data-element_type=\"column\">\n\t\t\t<div class=\"elementor-widget-wrap elementor-element-populated\">\n\t\t\t\t\t\t<section class=\"elementor-section elementor-inner-section elementor-element elementor-element-ae50bae elementor-section-boxed elementor-section-height-default elementor-section-height-default\" data-id=\"ae50bae\" data-element_type=\"section\">\n\t\t\t\t\t\t<div class=\"elementor-container elementor-column-gap-default\">\n\t\t\t\t\t<div class=\"elementor-column elementor-col-50 elementor-inner-column elementor-element elementor-element-fc6b518\" data-id=\"fc6b518\" data-element_type=\"column\">\n\t\t\t<div class=\"elementor-widget-wrap elementor-element-populated\">\n\t\t\t\t\t\t<div class=\"elementor-element elementor-element-d72f9bc elementor-widget elementor-widget-image\" data-id=\"d72f9bc\" data-element_type=\"widget\" data-widget_type=\"image.default\">\n\t\t\t\t\t\t\t\t\t\t\t\t\t\t\t<img fetchpriority=\"high\" decoding=\"async\" width=\"800\" height=\"450\" src=\"https:\/\/www.durrenberg.com\/wp-content\/uploads\/2026\/01\/Photo-7-1024x576.jpg\" class=\"elementor-animation-grow attachment-large size-large wp-image-2204\" alt=\"\" srcset=\"https:\/\/www.durrenberg.com\/wp-content\/uploads\/2026\/01\/Photo-7-1024x576.jpg 1024w, https:\/\/www.durrenberg.com\/wp-content\/uploads\/2026\/01\/Photo-7-300x169.jpg 300w, https:\/\/www.durrenberg.com\/wp-content\/uploads\/2026\/01\/Photo-7-768x432.jpg 768w, https:\/\/www.durrenberg.com\/wp-content\/uploads\/2026\/01\/Photo-7-1536x864.jpg 1536w, https:\/\/www.durrenberg.com\/wp-content\/uploads\/2026\/01\/Photo-7-2048x1152.jpg 2048w, https:\/\/www.durrenberg.com\/wp-content\/uploads\/2026\/01\/Photo-7-18x10.jpg 18w\" sizes=\"(max-width: 800px) 100vw, 800px\" \/>\t\t\t\t\t\t\t\t\t\t\t\t\t\t\t<\/div>\n\t\t\t\t\t<\/div>\n\t\t<\/div>\n\t\t\t\t<div class=\"elementor-column elementor-col-50 elementor-inner-column elementor-element elementor-element-eac050c\" data-id=\"eac050c\" data-element_type=\"column\">\n\t\t\t<div class=\"elementor-widget-wrap elementor-element-populated\">\n\t\t\t\t\t\t<div class=\"elementor-element elementor-element-df342a2 elementor-widget elementor-widget-image\" data-id=\"df342a2\" data-element_type=\"widget\" data-widget_type=\"image.default\">\n\t\t\t\t\t\t\t\t\t\t\t\t\t\t\t<img decoding=\"async\" width=\"800\" height=\"694\" src=\"https:\/\/www.durrenberg.com\/wp-content\/uploads\/2026\/01\/Photo-9-1024x888.jpg\" class=\"elementor-animation-grow attachment-large size-large wp-image-2205\" alt=\"\" srcset=\"https:\/\/www.durrenberg.com\/wp-content\/uploads\/2026\/01\/Photo-9-1024x888.jpg 1024w, https:\/\/www.durrenberg.com\/wp-content\/uploads\/2026\/01\/Photo-9-300x260.jpg 300w, https:\/\/www.durrenberg.com\/wp-content\/uploads\/2026\/01\/Photo-9-768x666.jpg 768w, https:\/\/www.durrenberg.com\/wp-content\/uploads\/2026\/01\/Photo-9-1536x1331.jpg 1536w, https:\/\/www.durrenberg.com\/wp-content\/uploads\/2026\/01\/Photo-9-2048x1775.jpg 2048w, https:\/\/www.durrenberg.com\/wp-content\/uploads\/2026\/01\/Photo-9-14x12.jpg 14w\" sizes=\"(max-width: 800px) 100vw, 800px\" \/>\t\t\t\t\t\t\t\t\t\t\t\t\t\t\t<\/div>\n\t\t\t\t\t<\/div>\n\t\t<\/div>\n\t\t\t\t\t<\/div>\n\t\t<\/section>\n\t\t\t\t<div class=\"elementor-element elementor-element-ec5d3f9 elementor-widget elementor-widget-heading\" data-id=\"ec5d3f9\" data-element_type=\"widget\" data-widget_type=\"heading.default\">\n\t\t\t\t\t<h2 class=\"elementor-heading-title elementor-size-default\">Aufrichter der Hersteller MG Tech oder B+ Equipment<\/h2>\t\t\t\t<\/div>\n\t\t\t\t<div class=\"elementor-element elementor-element-1849e4f elementor-widget elementor-widget-heading\" data-id=\"1849e4f\" data-element_type=\"widget\" data-widget_type=\"heading.default\">\n\t\t\t\t\t<h2 class=\"elementor-heading-title elementor-size-default\">Machines reconditionn\u00e9es par Durrenberg<\/h2>\t\t\t\t<\/div>\n\t\t\t\t\t<\/div>\n\t\t<\/div>\n\t\t\t\t<div class=\"elementor-column elementor-col-50 elementor-top-column elementor-element elementor-element-f98be79\" data-id=\"f98be79\" data-element_type=\"column\">\n\t\t\t<div class=\"elementor-widget-wrap elementor-element-populated\">\n\t\t\t\t\t\t<section class=\"elementor-section elementor-inner-section elementor-element elementor-element-10a2f36 elementor-section-boxed elementor-section-height-default elementor-section-height-default\" data-id=\"10a2f36\" data-element_type=\"section\">\n\t\t\t\t\t\t<div class=\"elementor-container elementor-column-gap-default\">\n\t\t\t\t\t<div class=\"elementor-column elementor-col-50 elementor-inner-column elementor-element elementor-element-b1786f5\" data-id=\"b1786f5\" data-element_type=\"column\">\n\t\t\t<div class=\"elementor-widget-wrap elementor-element-populated\">\n\t\t\t\t\t\t<div class=\"elementor-element elementor-element-b125276 elementor-widget elementor-widget-image\" data-id=\"b125276\" data-element_type=\"widget\" data-widget_type=\"image.default\">\n\t\t\t\t\t\t\t\t\t\t\t\t\t\t\t<img decoding=\"async\" width=\"800\" height=\"534\" src=\"https:\/\/www.durrenberg.com\/wp-content\/uploads\/2022\/09\/Jivaro_FT-1024x683.webp\" class=\"elementor-animation-grow attachment-large size-large wp-image-1213\" alt=\"\" srcset=\"https:\/\/www.durrenberg.com\/wp-content\/uploads\/2022\/09\/Jivaro_FT-1024x683.webp 1024w, https:\/\/www.durrenberg.com\/wp-content\/uploads\/2022\/09\/Jivaro_FT-300x200.webp 300w, https:\/\/www.durrenberg.com\/wp-content\/uploads\/2022\/09\/Jivaro_FT-768x512.webp 768w, https:\/\/www.durrenberg.com\/wp-content\/uploads\/2022\/09\/Jivaro_FT-1536x1024.webp 1536w, https:\/\/www.durrenberg.com\/wp-content\/uploads\/2022\/09\/Jivaro_FT-2048x1365.webp 2048w, https:\/\/www.durrenberg.com\/wp-content\/uploads\/2022\/09\/Jivaro_FT-18x12.webp 18w\" sizes=\"(max-width: 800px) 100vw, 800px\" \/>\t\t\t\t\t\t\t\t\t\t\t\t\t\t\t<\/div>\n\t\t\t\t\t<\/div>\n\t\t<\/div>\n\t\t\t\t<div class=\"elementor-column elementor-col-50 elementor-inner-column elementor-element elementor-element-d396d91\" data-id=\"d396d91\" data-element_type=\"column\">\n\t\t\t<div class=\"elementor-widget-wrap elementor-element-populated\">\n\t\t\t\t\t\t<div class=\"elementor-element elementor-element-20972a0 elementor-widget elementor-widget-image\" data-id=\"20972a0\" data-element_type=\"widget\" data-widget_type=\"image.default\">\n\t\t\t\t\t\t\t\t\t\t\t\t\t\t\t<img loading=\"lazy\" decoding=\"async\" width=\"800\" height=\"534\" src=\"https:\/\/www.durrenberg.com\/wp-content\/uploads\/2022\/09\/300-DPI_I-Pack_FT02-1024x683.webp\" class=\"elementor-animation-grow attachment-large size-large wp-image-1186\" alt=\"\" srcset=\"https:\/\/www.durrenberg.com\/wp-content\/uploads\/2022\/09\/300-DPI_I-Pack_FT02-1024x683.webp 1024w, https:\/\/www.durrenberg.com\/wp-content\/uploads\/2022\/09\/300-DPI_I-Pack_FT02-300x200.webp 300w, https:\/\/www.durrenberg.com\/wp-content\/uploads\/2022\/09\/300-DPI_I-Pack_FT02-768x512.webp 768w, https:\/\/www.durrenberg.com\/wp-content\/uploads\/2022\/09\/300-DPI_I-Pack_FT02-1536x1024.webp 1536w, https:\/\/www.durrenberg.com\/wp-content\/uploads\/2022\/09\/300-DPI_I-Pack_FT02-2048x1365.webp 2048w, https:\/\/www.durrenberg.com\/wp-content\/uploads\/2022\/09\/300-DPI_I-Pack_FT02-18x12.webp 18w\" sizes=\"(max-width: 800px) 100vw, 800px\" \/>\t\t\t\t\t\t\t\t\t\t\t\t\t\t\t<\/div>\n\t\t\t\t\t<\/div>\n\t\t<\/div>\n\t\t\t\t\t<\/div>\n\t\t<\/section>\n\t\t\t\t<div class=\"elementor-element elementor-element-a451d4a elementor-widget elementor-widget-heading\" data-id=\"a451d4a\" data-element_type=\"widget\" data-widget_type=\"heading.default\">\n\t\t\t\t\t<h2 class=\"elementor-heading-title elementor-size-default\">Verschlie\u00dfer der Hersteller Savoye oder B+ Equipment<\/h2>\t\t\t\t<\/div>\n\t\t\t\t<div class=\"elementor-element elementor-element-a616842 elementor-widget elementor-widget-heading\" data-id=\"a616842\" data-element_type=\"widget\" data-widget_type=\"heading.default\">\n\t\t\t\t\t<h2 class=\"elementor-heading-title elementor-size-default\">Machines reconditionn\u00e9es par Durrenberg\u00a0<\/h2>\t\t\t\t<\/div>\n\t\t\t\t\t<\/div>\n\t\t<\/div>\n\t\t\t\t\t<\/div>\n\t\t<\/section>\n\t\t\t\t<\/div>","protected":false},"excerpt":{"rendered":"<p>Machines reconditionn\u00e9es Durrenberg remet \u00e0 neuf et adapte des machines d\u2019emballage automatiques pour les proposer dans le cadre de projets d\u2019automatisation D\u00e9couvrez nos machines Toutes nos machines sont reconditionn\u00e9es et garanties Durrenberg rach\u00e8te des machines aux exploitants, puis les remet \u00e0 neuf et les adapte aux sp\u00e9cifications du projet. Les machines propos\u00e9es sont fiables et [&hellip;]<\/p>","protected":false},"author":1,"featured_media":0,"parent":0,"menu_order":3,"comment_status":"closed","ping_status":"closed","template":"","meta":{"_acf_changed":false,"footnotes":""},"class_list":["post-150","page","type-page","status-publish","hentry"],"acf":[],"yoast_head":"<!-- This site is optimized with the Yoast SEO plugin v26.8 - https:\/\/yoast.com\/product\/yoast-seo-wordpress\/ -->\n<title>Machines reconditionn\u00e9es - Durrenberg<\/title>\n<meta name=\"robots\" content=\"index, follow, max-snippet:-1, max-image-preview:large, max-video-preview:-1\" \/>\n<link rel=\"canonical\" href=\"https:\/\/www.durrenberg.com\/d\/machines-reconditionnees\/\" \/>\n<meta property=\"og:locale\" content=\"de_DE\" \/>\n<meta property=\"og:type\" content=\"article\" \/>\n<meta property=\"og:title\" content=\"Machines reconditionn\u00e9es - Durrenberg\" \/>\n<meta property=\"og:description\" content=\"Machines reconditionn\u00e9es Durrenberg remet \u00e0 neuf et adapte des machines d\u2019emballage automatiques pour les proposer dans le cadre de projets d\u2019automatisation D\u00e9couvrez nos machines Toutes nos machines sont reconditionn\u00e9es et garanties Durrenberg rach\u00e8te des machines aux exploitants, puis les remet \u00e0 neuf et les adapte aux sp\u00e9cifications du projet. Les machines propos\u00e9es sont fiables et [&hellip;]\" \/>\n<meta property=\"og:url\" content=\"https:\/\/www.durrenberg.com\/d\/machines-reconditionnees\/\" \/>\n<meta property=\"og:site_name\" content=\"Durrenberg\" \/>\n<meta property=\"article:modified_time\" content=\"2026-02-20T11:26:29+00:00\" \/>\n<meta property=\"og:image\" content=\"https:\/\/www.durrenberg.com\/wp-content\/uploads\/2026\/01\/Photo-7-scaled.jpg\" \/>\n\t<meta property=\"og:image:width\" content=\"2560\" \/>\n\t<meta property=\"og:image:height\" content=\"1440\" \/>\n\t<meta property=\"og:image:type\" content=\"image\/jpeg\" \/>\n<meta name=\"twitter:card\" content=\"summary_large_image\" \/>\n<meta name=\"twitter:label1\" content=\"Gesch\u00e4tzte Lesezeit\" \/>\n\t<meta name=\"twitter:data1\" content=\"1\u00a0Minute\" \/>\n<script type=\"application\/ld+json\" class=\"yoast-schema-graph\">{\"@context\":\"https:\/\/schema.org\",\"@graph\":[{\"@type\":\"WebPage\",\"@id\":\"https:\/\/www.durrenberg.com\/machines-reconditionnees\/\",\"url\":\"https:\/\/www.durrenberg.com\/machines-reconditionnees\/\",\"name\":\"Machines reconditionn\u00e9es - Durrenberg\",\"isPartOf\":{\"@id\":\"https:\/\/www.durrenberg.com\/#website\"},\"primaryImageOfPage\":{\"@id\":\"https:\/\/www.durrenberg.com\/machines-reconditionnees\/#primaryimage\"},\"image\":{\"@id\":\"https:\/\/www.durrenberg.com\/machines-reconditionnees\/#primaryimage\"},\"thumbnailUrl\":\"http:\/\/www.durrenberg.com\/wp-content\/uploads\/2026\/01\/Photo-7-1024x576.jpg\",\"datePublished\":\"2022-06-24T16:45:15+00:00\",\"dateModified\":\"2026-02-20T11:26:29+00:00\",\"breadcrumb\":{\"@id\":\"https:\/\/www.durrenberg.com\/machines-reconditionnees\/#breadcrumb\"},\"inLanguage\":\"de\",\"potentialAction\":[{\"@type\":\"ReadAction\",\"target\":[\"https:\/\/www.durrenberg.com\/machines-reconditionnees\/\"]}]},{\"@type\":\"ImageObject\",\"inLanguage\":\"de\",\"@id\":\"https:\/\/www.durrenberg.com\/machines-reconditionnees\/#primaryimage\",\"url\":\"http:\/\/www.durrenberg.com\/wp-content\/uploads\/2026\/01\/Photo-7-1024x576.jpg\",\"contentUrl\":\"http:\/\/www.durrenberg.com\/wp-content\/uploads\/2026\/01\/Photo-7-1024x576.jpg\"},{\"@type\":\"BreadcrumbList\",\"@id\":\"https:\/\/www.durrenberg.com\/machines-reconditionnees\/#breadcrumb\",\"itemListElement\":[{\"@type\":\"ListItem\",\"position\":1,\"name\":\"Accueil\",\"item\":\"https:\/\/www.durrenberg.com\/\"},{\"@type\":\"ListItem\",\"position\":2,\"name\":\"Machines reconditionn\u00e9es\"}]},{\"@type\":\"WebSite\",\"@id\":\"https:\/\/www.durrenberg.com\/#website\",\"url\":\"https:\/\/www.durrenberg.com\/\",\"name\":\"Durrenberg\",\"description\":\"Expert en emballage automatis\u00e9 pour la logistique\",\"publisher\":{\"@id\":\"https:\/\/www.durrenberg.com\/#organization\"},\"potentialAction\":[{\"@type\":\"SearchAction\",\"target\":{\"@type\":\"EntryPoint\",\"urlTemplate\":\"https:\/\/www.durrenberg.com\/?s={search_term_string}\"},\"query-input\":{\"@type\":\"PropertyValueSpecification\",\"valueRequired\":true,\"valueName\":\"search_term_string\"}}],\"inLanguage\":\"de\"},{\"@type\":\"Organization\",\"@id\":\"https:\/\/www.durrenberg.com\/#organization\",\"name\":\"Durrenberg\",\"url\":\"https:\/\/www.durrenberg.com\/\",\"logo\":{\"@type\":\"ImageObject\",\"inLanguage\":\"de\",\"@id\":\"https:\/\/www.durrenberg.com\/#\/schema\/logo\/image\/\",\"url\":\"https:\/\/www.durrenberg.com\/wp-content\/uploads\/2022\/06\/cropped-Logo-3.png.webp\",\"contentUrl\":\"https:\/\/www.durrenberg.com\/wp-content\/uploads\/2022\/06\/cropped-Logo-3.png.webp\",\"width\":78,\"height\":92,\"caption\":\"Durrenberg\"},\"image\":{\"@id\":\"https:\/\/www.durrenberg.com\/#\/schema\/logo\/image\/\"}}]}<\/script>\n<!-- \/ Yoast SEO plugin. -->","yoast_head_json":{"title":"Machines reconditionn\u00e9es - Durrenberg","robots":{"index":"index","follow":"follow","max-snippet":"max-snippet:-1","max-image-preview":"max-image-preview:large","max-video-preview":"max-video-preview:-1"},"canonical":"https:\/\/www.durrenberg.com\/d\/machines-reconditionnees\/","og_locale":"de_DE","og_type":"article","og_title":"Machines reconditionn\u00e9es - Durrenberg","og_description":"Machines reconditionn\u00e9es Durrenberg remet \u00e0 neuf et adapte des machines d\u2019emballage automatiques pour les proposer dans le cadre de projets d\u2019automatisation D\u00e9couvrez nos machines Toutes nos machines sont reconditionn\u00e9es et garanties Durrenberg rach\u00e8te des machines aux exploitants, puis les remet \u00e0 neuf et les adapte aux sp\u00e9cifications du projet. Les machines propos\u00e9es sont fiables et [&hellip;]","og_url":"https:\/\/www.durrenberg.com\/d\/machines-reconditionnees\/","og_site_name":"Durrenberg","article_modified_time":"2026-02-20T11:26:29+00:00","og_image":[{"width":2560,"height":1440,"url":"https:\/\/www.durrenberg.com\/wp-content\/uploads\/2026\/01\/Photo-7-scaled.jpg","type":"image\/jpeg"}],"twitter_card":"summary_large_image","twitter_misc":{"Gesch\u00e4tzte Lesezeit":"1\u00a0Minute"},"schema":{"@context":"https:\/\/schema.org","@graph":[{"@type":"WebPage","@id":"https:\/\/www.durrenberg.com\/machines-reconditionnees\/","url":"https:\/\/www.durrenberg.com\/machines-reconditionnees\/","name":"Machines reconditionn\u00e9es - Durrenberg","isPartOf":{"@id":"https:\/\/www.durrenberg.com\/#website"},"primaryImageOfPage":{"@id":"https:\/\/www.durrenberg.com\/machines-reconditionnees\/#primaryimage"},"image":{"@id":"https:\/\/www.durrenberg.com\/machines-reconditionnees\/#primaryimage"},"thumbnailUrl":"http:\/\/www.durrenberg.com\/wp-content\/uploads\/2026\/01\/Photo-7-1024x576.jpg","datePublished":"2022-06-24T16:45:15+00:00","dateModified":"2026-02-20T11:26:29+00:00","breadcrumb":{"@id":"https:\/\/www.durrenberg.com\/machines-reconditionnees\/#breadcrumb"},"inLanguage":"de","potentialAction":[{"@type":"ReadAction","target":["https:\/\/www.durrenberg.com\/machines-reconditionnees\/"]}]},{"@type":"ImageObject","inLanguage":"de","@id":"https:\/\/www.durrenberg.com\/machines-reconditionnees\/#primaryimage","url":"http:\/\/www.durrenberg.com\/wp-content\/uploads\/2026\/01\/Photo-7-1024x576.jpg","contentUrl":"http:\/\/www.durrenberg.com\/wp-content\/uploads\/2026\/01\/Photo-7-1024x576.jpg"},{"@type":"BreadcrumbList","@id":"https:\/\/www.durrenberg.com\/machines-reconditionnees\/#breadcrumb","itemListElement":[{"@type":"ListItem","position":1,"name":"Accueil","item":"https:\/\/www.durrenberg.com\/"},{"@type":"ListItem","position":2,"name":"Machines reconditionn\u00e9es"}]},{"@type":"WebSite","@id":"https:\/\/www.durrenberg.com\/#website","url":"https:\/\/www.durrenberg.com\/","name":"Durrenberg","description":"Expert en emballage automatis\u00e9 pour la logistique","publisher":{"@id":"https:\/\/www.durrenberg.com\/#organization"},"potentialAction":[{"@type":"SearchAction","target":{"@type":"EntryPoint","urlTemplate":"https:\/\/www.durrenberg.com\/?s={search_term_string}"},"query-input":{"@type":"PropertyValueSpecification","valueRequired":true,"valueName":"search_term_string"}}],"inLanguage":"de"},{"@type":"Organization","@id":"https:\/\/www.durrenberg.com\/#organization","name":"Durrenberg","url":"https:\/\/www.durrenberg.com\/","logo":{"@type":"ImageObject","inLanguage":"de","@id":"https:\/\/www.durrenberg.com\/#\/schema\/logo\/image\/","url":"https:\/\/www.durrenberg.com\/wp-content\/uploads\/2022\/06\/cropped-Logo-3.png.webp","contentUrl":"https:\/\/www.durrenberg.com\/wp-content\/uploads\/2022\/06\/cropped-Logo-3.png.webp","width":78,"height":92,"caption":"Durrenberg"},"image":{"@id":"https:\/\/www.durrenberg.com\/#\/schema\/logo\/image\/"}}]}},"_links":{"self":[{"href":"https:\/\/www.durrenberg.com\/d\/wp-json\/wp\/v2\/pages\/150","targetHints":{"allow":["GET"]}}],"collection":[{"href":"https:\/\/www.durrenberg.com\/d\/wp-json\/wp\/v2\/pages"}],"about":[{"href":"https:\/\/www.durrenberg.com\/d\/wp-json\/wp\/v2\/types\/page"}],"author":[{"embeddable":true,"href":"https:\/\/www.durrenberg.com\/d\/wp-json\/wp\/v2\/users\/1"}],"replies":[{"embeddable":true,"href":"https:\/\/www.durrenberg.com\/d\/wp-json\/wp\/v2\/comments?post=150"}],"version-history":[{"count":33,"href":"https:\/\/www.durrenberg.com\/d\/wp-json\/wp\/v2\/pages\/150\/revisions"}],"predecessor-version":[{"id":2521,"href":"https:\/\/www.durrenberg.com\/d\/wp-json\/wp\/v2\/pages\/150\/revisions\/2521"}],"wp:attachment":[{"href":"https:\/\/www.durrenberg.com\/d\/wp-json\/wp\/v2\/media?parent=150"}],"curies":[{"name":"wp","href":"https:\/\/api.w.org\/{rel}","templated":true}]}}